)
-10
What is 8 + -15 + -4 - (-8 - -3)?
-6
What is -51 - (-84 + 41) - (-22 + 1)?
13
Calculate -3 + 13 - (21 + -18) - 0.
7
What is the value of 3 - (11 + -18 + 10 + -1 + -6)?
7
What is (18 - (-12 + 28)) + -6 + 2?
-2
What is the value of 17 - ((48 - 18) + -16)?
3
Evaluate 1 - (10 + -8 + 5) - (2 - 5).
-3
Calculate -15 + 13 - (15 - 14).
-3
Evaluate 11 + (-4 + 2 + 25 + -20 - 2).
12
(4 + -2 - 4) + 23 + -31 + 18
8
(4 + 5 + -17 - -5) + -5
-8
Evaluate (0 + 8 + -12 - (-2 - -3)) + -4.
-9
Evaluate (10 - (45 - 29)) + (-1 - -1) + -3.
-9
Calculate -9 + 6 + 5 + 3 + -8 - 4.
-7
What is the value of (2 - 2) + -14 - (1 + 9)?
-24
Calculate (2 - 8) + (12 - 20).
-14
Calculate -15 + 11 + (10 - 1) + -1 + -8.
-4
Calculate -17 + 9 - 17 - -9.
-16
12 + -5 + -3 + 15 + -11
8
13 + -19 + 2 - -1 - (0 - 8)
5
Evaluate 13 + 3 + (5 - -7 - (20 + -16)).
24
Calculate -3 + 14 + (-1 - 22).
-12
25 - (4 + -1) - (-4 - (-10 + 2))
18
-6 + 45 + (-16 - 10)
13
What is the value of (-3 - -2 - 0) + 9 + (-60 - -58)?
6
Calculate -23 + 16 - -9 - -24.
26
-11 + -32 + 19 + 5
-19
Evaluate (1 - -4) + (20 + -37 - -21).
9
Calculate (17 - 24 - 21) + 20.
-8
-3 + 6 + 0 - (-3 + 2 + -4)
8
(1 - -4 - -5) + -13 - -10
7
(-8 - -17 - -4) + -12
1
Evaluate -16 - (21 - -2 - 27).
-12
What is 21 + (-2 - 14) + -14 + -1 + -1?
-11
What is the value of (8 - 2) + -4 + -11?
-9
Evaluate (-97 - -111) + (-7 - 0).
7
Evaluate -125 - -114 - ((0 - 3) + (-3 - 3)).
-2
What is the value of -45 - -32 - -40 - 4?
23
What is 24 - 17 - (-3 + 4 - 2 - -4)?
4
Evaluate -1 - ((-6 - 6) + 25).
-14
-60 - (-30 + 27) - -17
-40
Evaluate 0 - 8 - -1 - -6 - -7.
6
Calculate (27 + 6 + -2 - (17 + -28)) + -5.
37
Calculate -1 + 8 - ((0 - -5) + -135 + 131).
6
What is (14 - (16 - (8 - 3))) + (4 - 1)?
6
Evaluate (10 - 14) + 12 - 15 - (2 - 0).
-9
Evaluate (-7 - -11) + 9 - 3.
10
What is -42 + 2 + 684 + -663?
-19
Calculate 25 + (1 - -1 - (-19 - (-38 - -11))).
19
Evaluate 154 + -161 - (-11 - 1).
5
What is -16 + 70 + (-6 - 31)?
17
Calculate (-8 - -37) + -15 - -4.
18
What is -2 + (0 - -3) + -18 + 1?
-16
What is the value of (10 - (-35 - -34)) + (-1 - 20)?
-10
What is -377 + 381 - (3 + 2)?
-1
Evaluate -1 + 0 + 7 + -18 + 7.
-5
What is -1 + -15 + -46 + -7 + 60?
-9
Calculate -20 + 6 + 25 + -35.
-24
What is -4 - -11 - 15 - (-8 - (-10 - 8))?
-18
Calculate (-69 - (-50 - -17)) + 32.
-4
Evaluate -18 + 2 + (26 - 17).
-7
Evaluate 7 - (24 - (113 + -128 - (-1 + -7))).
-24
What is -8 + -7 + (0 - -8)?
-7
Evaluate (-11 - (-45 + 14)) + -29.
-9
Calculate 8 - (-25 - -25) - 31.
-23
Evaluate 2 + 1 + 5 + -9 + 22 + -17.
4
Calculate 52 - (63 - 16 - 8).
13
What is -14 - ((16 - 23) + -2 + 5)?
-10
Calculate -1 + 5 + 4 - (0 - 0 - 8).
16
What is the value of 274 - 268 - (-15 + -4 + 1)?
24
Evaluate -2 - (-5 + -2 + 7 + 1 - 12).
9
(27 - 46) + 13 + 0 + -10
-16
116 + -119 + -1 + 24
20
What is 1 + 4 - (9 - (8 + (-12 - 2)))?
-10
What is 160 - 170 - (-1 - 17) - (-4 + 2)?
10
What is the value of -5 + (-4 + 0 - (-14 + 2 - 0))?
3
0 + 7 + -5 + -11 + -2
-11
Evaluate -2 - (9 - 4) - (-25 + 28).
-10
Calculate 1 + (-1 + (21 - 14) - (0 + 0)).
7
Calculate 14 + (8 - 16) + (-2 - 0).
4
Calculate 2 + (-2 - -9 - 11 - -13).
11
Calculate 2 + -2 + (219 - 209).
10
What is the value of -17 + 9 + -5 - -18?
5
What is -5 - (-6 + -17 - (-7 - 1))?
10
0 + (6 - 4 - 11) + 5 + 5
1
What is the value of (-7 - -15 - 11) + -5 - -4?
-4
Evaluate 23 + -1 - (-4 - -4) - (12 + -15).
25
(21 - (6 - -21)) + 6 + -1 + 4
3
(9 + -15 - 3) + -23 + 15
-17
Calculate -72 - (-39 - 1 - 1).
-31
What is -69 + 74 + 0 + (1 - 1) - 6?
-1
Calculate -7 + (-5 - (1 + (-4 - -3))).
-12
Evaluate 5 + -8 + (-1 + -5 - -6).
-3
Calculate (-8 + 5 + -5 - (-2 - 0)) + 14.
8
Evaluate 18 - (-9 + 33) - -19.
13
Calculate (24 - 1) + -3 + -40.
-20
-1 + (-2 + 4 - -2) - -3
6
Calculate -8 + (28 + -12 - 7).
1
What is the value of (-3 - -23) + 11 + -19?
12
(-1 + 2 - 0) + 5 + -17
-11
What is the value of (-2 - (-3 - 2 - -14)) + -7?
-18
What is -6 + 13 + (18 - 13)?
12
Calculate 42 - (-34 - -83) - (6 - -2).
-15
0 + -1 - (39 + -38 + 12)
-14
3 + (14 - 5 - (3 - 9))
18
What is -2 + (-10 - (-6 - (-10 + 7))) - -25?
16
Calculate 24 - (6 + (10 - 1) + -4).
13
-2 - (-5 + (1 - 0)) - (-656 + 661)
-3
Evaluate (76 - 53 - 23) + (-18 + 1 - -2).
-15
36 - -1 - (-3490 + 3535)
-8
What is the value of 96 + -118 - (9 - 36)?
5
What is 14 - (3 + 12) - (-3 - 0 - 3)?
5
-4 - ((1 - -17) + 206 + -214)
-14
Calculate 16 - 1 - (242 - 228).
1
Calculate (-7 + 8 - -8) + 5 + -15.
-1
2 - 45 - (-156 + 146)
-33
Calculate 1 - (-553 + 551 + 0 + (-5 - 0)).
8
What is the value of (3 - (1 - (6 - (3 - -1)))) + 8?
12
-15 + -54 + 51 + -1 + 10
-9
(11 - 26) + (20 - 23)
-18
What is 11 - (-1 + 3 + 2 - 1)?
8
Calculate -31 - -16 - -10 - -10.
5
-6 + (-3 - (12 - (-12 - -14)))
-19
31 + 2 + -32 - (3 - 21)
19
Evaluate (-27 - 16) + 22 + 16.
-5
What is -99 + 99 + 0 + 0?
0
What is 203 + -205 + (0 - -1)?
-1
1 - -9 - (-73 + 35 - -42)
6
What is -17 + (69 - 68) + -3 + 8?
-11
What is 8 + 10 + 0 + -16 - (1 + 1)?
0
Calculate (-7 - -4 - (0 - (-14 + 25))) + -33.
-25
What is the value of 65 + (-20 + 27 - 51)?
21
What is the value of -20 - -1 - (-2717 + 2692)?
6
(-12 - 7) + 11 + 7 + 9 + -19
-11
Evaluate (-1 + -7 - -13) + 8 - (1 + 1).
11
What is (25 - (-14 + 45)) + -6?
-12
What is 0 + -9 + 0 + 7 + 2?
0
24 + -20 + 1 + (3 - 1)
7
What is 1 + -5 + 6 + -40 + 33?
-5
Evaluate (-7 - 0) + (9 - 91) + 95.
6
Calculate (5 - -3) + -6 + 13 + -1 - 4.
10
What is the value of 38 + (-71 - -26) + 30?
23
What is the value of 24 + (4 + -13 + 5 + -5 - -14)?
29
What is -34 - (7 - 44) - (-9 + 1)?
11
What is the value of 124 + -111 + -3 + 0 - (-18 + 6)?
22
What is the value of (-4 - ((9 - 11) + 0)) + -4?
-6
Evaluate (-28 + 0 - -28) + (0 - 2 - -7).
5
-92 - -101 - (1 - -2 - 0)
6
What is the value of 19 - (5 + -17) - 13?
18
What is the value of 0 - 4 - (-18 + 12)?
2
What is -26 + 5 + -76 + 97?
0
19 - (0 - (-21 + 21))
19
What is the value of 37 + -40 + (27 - 13)?
11
3 + -7 + -1 - (-1 + -3)
-1
What is 976 + -968 - (12 - (-2 - -2))?
-4
24 + -30 - (1 + -1) - (8 + -10)
-4
20 + -3 + (-306 - -277)
-12
Calculate (-68 + 35 - -22) + -11.
-22
What is 2 - 0 - (13 - 1) - -18?
8
Calculate 32 + -37 - (5 + 7 + -6 + -19).
8
What is the value of (3 - 10) + 6 + (-5 - -4)?
-2
Calculate -8 - ((29 + -5 - 7) + -26).
1
14 + -6 - (130 - 100)
-22
24 + -44 - -15 - (-1 - -8)
-12
Evaluate 2 - (7 + -16 + -1 + 16).
-4
14 + -4 - (15 + -9 + -1)
5
Evaluate -2 + 24 + -72 + 57 - (0 + -1).
8
Evaluate (15 - 1 - (36 + -3)) + 12.
-7
8 - (-9 + 6) - (18 - 16)
9
What is 6 + 9 + -43 - -11?
-17
Calculate -3 + 7 + (-4 - (-2 - (2 - -3))).
7
What is the value of 10 + -35 + 41 + -25?
-9
What is the value of (1 + -23 - (618 - 652)) + 0 + 5?
17
What is the value of 8 - (-3 + 8 + 5 + 4) - -30?
24
What is the value of 18 + (5 - 1) + -10?
12
What is the value of (1 - -9) + 12 + -6?
16
What is 18 - (22 + (-5 - 4)) - 12?
-7
-10 + (-13 - -17) + 3
-3
What is the value of -4 + (-2 - -1) + (22 - -6) + 0?
23
Calculate (-17 - -12) + -4 + (4 + -2 - 24).
-31
Calculate -7 + 0 + (2 + -10 - (-17 - -11)).
-9
(-6 - (-16 + (14 - 8))) + (-8 - -1)
-3
What is 22 + -4 + -12 + 9 + -9?
6
Calculate 1 + 10 - (15 + -1) - (1 + -3).
-1
What is (-314 - -314) + -2 + -14?
-16
What is -11 + (2 - 1 - -5 - -5)?
0
Evaluate -4 - (-16 + 37 + -16 - 3).
-6
What is (19 - -8) + -5 + -18?
4
-8 - (5 + -12) - -5
4
What is the value of 30 + -40 - 23 - -10?
-23
What is 56 - (-19 + 1 - -57)?
17
What is the value of (0 - (2 + 0)) + (-24 - (52 + -54))?
-24
Evaluate 10 + -2 + -5 + (8 - (0 + 6)).
5
What is the value of 13 - (26 + -27 - -25)?
-11
(15 + -1 - (10 + -2 + -4)) + -6
4
What is the value of -1 + 7 - (39 - 35)?
2
What is -1 + (-47 - -34) + 3?
-11
Calculate (-28 - -22 - -13) + 14.
21
Evaluate (5 - -1) + -6 + 19 + -22.
-3
1 + -3 + (-146 - -144) + 0
-4
6 + (2 - 8) - 7 - (-26 - -4)
15
-44 + 27 + 18 - -22
23
What is 36 + -34 - ((1 - (-1 - -1)) + -10)?
11
Calculate (-29 - -2) + (-6 - -15 - 24) + 23.
-19
Calculate 16 + 1 + 5 + -32.
-10
Evaluate -5 + 10 + -3 + -6.
-4
Calculate 16 + -12 + (-9 - -17).
12
What is the value of -143 + 145 + -4 + 1 + -1?
-2
What is the value of (-7 - (14 - 31)) + (-12 - 1)?
-3
Calculate (0 - (0 + -5) - 8) + 0.
-3
Evaluate -49 - (6 - 56) - (0 - 27).
28
What is the value of -2 + 11 - (7 + 15)?
-13
What is the value of -11 + 14 - (42 - 23)?
-16
Evaluate 12 - (8 + -6